s digit of 1954038?
1
What is the thousands digit of 278176?
8
What is the units digit of 64026?
6
What is the thousands digit of 10787810?
7
What is the hundred thousands digit of 261727?
2
What is the thousands digit of 1800034?
0
What is the tens digit of 3123446?
4
What is the ten millions digit of 19176845?
1
What is the tens digit of 7238853?
5
What is the millions digit of 5251597?
5
What is the hundred thousands digit of 32725422?
7
What is the tens digit of 1696318?
1
What is the units digit of 15294795?
5
What is the ten thousands digit of 8233557?
3
What is the tens digit of 7144364?
6
What is the hundreds digit of 250026?
0
What is the tens digit of 371812?
1
What is the hundreds digit of 36474?
4
What is the thousands digit of 298396?
8
What is the millions digit of 5202777?
5
What is the units digit of 691249?
9
What is the millions digit of 2197806?
2
What is the ten thousands digit of 231841?
3
What is the units digit of 2510077?
7
What is the hundred thousands digit of 10626265?
6
What is the ten thousands digit of 979925?
7
What is the hundred thousands digit of 1382848?
3
What is the hundred thousands digit of 13464269?
4
What is the ten thousands digit of 4685478?
8
What is the hundred thousands digit of 338414?
3
What is the tens digit of 4433901?
0
What is the millions digit of 1477905?
1
What is the units digit of 4482862?
2
What is the units digit of 574623?
3
What is the units digit of 2085935?
5
What is the ten millions digit of 15453760?
1
What is the millions digit of 2047177?
2
What is the hundred thousands digit of 158085?
1
What is the thousands digit of 654022?
4
What is the ten millions digit of 15048033?
1
What is the hundreds digit of 175617?
6
What is the ten millions digit of 28246259?
2
What is the ten thousands digit of 1682570?
8
What is the thousands digit of 126086?
6
What is the hundred thousands digit of 544097?
5
What is the hundreds digit of 2990158?
1
What is the units digit of 13971322?
2
What is the units digit of 10271258?
8
What is the hundreds digit of 693546?
5
What is the hundred thousands digit of 18872039?
8
What is the ten thousands digit of 343995?
4
What is the ten thousands digit of 214109?
1
What is the tens digit of 586237?
3
What is the ten thousands digit of 90665?
9
What is the hundred thousands digit of 4341970?
3
What is the hundreds digit of 258642?
6
What is the units digit of 228448?
8
What is the tens digit of 2954233?
3
What is the millions digit of 1610825?
1
What is the units digit of 1642232?
2
What is the ten thousands digit of 128538?
2
What is the hundred thousands digit of 823066?
8
What is the ten thousands digit of 12563917?
6
What is the hundred thousands digit of 264265?
2
What is the tens digit of 43109?
0
What is the millions digit of 7476491?
7
What is the hundreds digit of 145480?
4
What is the hundreds digit of 101379?
3
What is the tens digit of 44948?
4
What is the hundred thousands digit of 5522019?
5
What is the units digit of 8196105?
5
What is the hundred thousands digit of 402826?
4
What is the millions digit of 7372574?
7
What is the ten thousands digit of 2136172?
3
What is the hundreds digit of 20967345?
3
What is the ten thousands digit of 19105?
1
What is the hundred thousands digit of 8111638?
1
What is the ten thousands digit of 88883?
8
What is the thousands digit of 1412648?
2
What is the units digit of 23564?
4
What is the hundreds digit of 894827?
8
What is the tens digit of 737571?
7
What is the tens digit of 5265365?
6
What is the hundreds digit of 338348?
3
What is the tens digit of 13868940?
4
What is the hundreds digit of 179311?
3
What is the millions digit of 5445986?
5
What is the thousands digit of 26755?
6
What is the tens digit of 193091?
9
What is the thousands digit of 174991?
4
What is the ten thousands digit of 24602?
2
What is the thousands digit of 80194?
0
What is the thousands digit of 144408?
4
What is the tens digit of 734948?
4
What is the hundreds digit of 377455?
4
What is the ten thousands digit of 107738?
0
What is the hundreds digit of 909897?
8
What is the hundred thousands digit of 1069284?
0
What is the ten thousands digit of 71160?
7
What is the units digit of 273805?
5
What is the units digit of 370212?
2
What is the hundreds digit of 750757?
7
What is the units digit of 6035348?
8
What is the hundreds digit of 2672023?
0
What is the hundreds digit of 926451?
4
What is the hundreds digit of 1673223?
2
What is the ten thousands digit of 1215080?
1
What is the tens digit of 606023?
2
What is the ten thousands digit of 21995985?
9
What is the units digit of 45184?
4
What is the hundred thousands digit of 408114?
4
What is the millions digit of 13023372?
3
What is the hundreds digit of 5758307?
3
What is the ten thousands digit of 2473616?
7
What is the millions digit of 13513499?
3
What is the hundreds digit of 84532?
5
What is the hundred thousands digit of 876579?
8
What is the ten thousands digit of 5484651?
8
What is the hundred thousands digit of 190912?
1
What is the units digit of 23453593?
3
What is the hundred thousands digit of 6566683?
5
What is the tens digit of 3894594?
9
What is the tens digit of 19298843?
4
What is the hundreds digit of 90888?
8
What is the hundreds digit of 958112?
1
What is the tens digit of 535648?
4
What is the tens digit of 44351?
5
What is the ten thousands digit of 5196313?
9
What is the hundreds digit of 576925?
9
What is the ten thousands digit of 895458?
9
What is the thousands digit of 535254?
5
What is the tens digit of 200725?
2
What is the units digit of 423200?
0
What is the hundred thousands digit of 312571?
3
What is the units digit of 262932?
2
What is the units digit of 540789?
9
What is the millions digit of 4085666?
4
What is the hundred thousands digit of 937934?
9
What is the hundred thousands digit of 211564?
2
What is the units digit of 5039746?
6
What is the hundred thousands digit of 208661?
2
What is the hundreds digit of 8964748?
7
What is the thousands digit of 297237?
7
What is the ten thousands digit of 602516?
0
What is the hundreds digit of 10026253?
2
What is the hundreds digit of 16611?
6
What is the ten thousands digit of 7325107?
2
What is the thousands digit of 5651287?
1
What is the hundreds digit of 273591?
5
What is the ten thousands digit of 34968744?
6
What is the units digit of 15604130?
0
What is the ten thousands digit of 86907?
8
What is the units digit of 8650090?
0
What is the tens digit of 305979?
7
What is the tens digit of 5751788?
8
What is the ten thousands digit of 1006425?
0
What is the hundreds digit of 483548?
5
What is the thousands digit of 18194720?
4
What is the thousands digit of 22387546?
7
What is the millions digit of 2057343?
2
What is the millions digit of 10233172?
0
What is the hundreds digit of 9646406?
4
What is the thousands digit of 170318?
0
What is the hundred thousands digit of 232819?
2
What is the hundreds digit of 278373?
3
What is the hundred thousands digit of 126905?
1
What is the tens digit of 26009481?
8
What is the hundreds digit of 576018?
0
What is the tens digit of 5477347?
4
What is the units digit of 527540?
0
What is the units digit of 211229?
9
What is the hundreds digit of 516339?
3
What is the units digit of 44736?
6
What is the units digit of 1843031?
1
What is the thousands digit of 17424564?
4
What is the millions digit of 1306650?
1
What is the thousands digit of 8034975?
4
What is the ten millions digit of 17717975?
1
What is the ten millions digit of 20390540?
2
What is the hundred thousands digit of 1334456?
3
What is the ten thousands digit of 8004249?
0
What is the hundreds digit of 34664940?
9
What is the tens digit of 108719?
1
What is the tens digit of 580537?
3
What is the units digit of 273383?
3
What is the millions digit of 6278398?
6
What is the millions digit of 3071610?
3
What is the ten thousands digit of 8676268?
7
What is the hundreds digit of 216944?
9
What is the hundred thousands digit of 566290?
5
What is the thousands digit of 1246473?
6
What is the tens digit of 785972?
7
What is the ten thousands digit of 89938?
8
What is the millions digit of 1276574?
1
What is the units digit of 1282696?
6
What is the hundred thousands digit of 12873706?
8
What is th